r when 109 is divided by 59?
50
What is the remainder when 939 is divided by 86?
79
Calculate the remainder when 2221 is divided by 177.
97
Calculate the remainder when 322 is divided by 35.
7
Calculate the remainder when 144 is divided by 60.
24
What is the remainder when 359 is divided by 18?
17
Calculate the remainder when 194 is divided by 11.
7
Calculate the remainder when 333 is divided by 56.
53
Calculate the remainder when 272 is divided by 17.
0
Calculate the remainder when 5409 is divided by 15.
9
Calculate the remainder when 1457 is divided by 54.
53
What is the remainder when 706 is divided by 98?
20
Calculate the remainder when 452 is divided by 95.
72
Calculate the remainder when 22 is divided by 12.
10
What is the remainder when 3388 is divided by 29?
24
What is the remainder when 53 is divided by 45?
8
Calculate the remainder when 275 is divided by 22.
11
What is the remainder when 8277 is divided by 69?
66
What is the remainder when 813 is divided by 133?
15
What is the remainder when 227 is divided by 127?
100
Calculate the remainder when 273 is divided by 138.
135
What is the remainder when 496 is divided by 81?
10
What is the remainder when 743 is divided by 12?
11
What is the remainder when 206 is divided by 69?
68
Calculate the remainder when 119 is divided by 42.
35
What is the remainder when 256 is divided by 65?
61
Calculate the remainder when 9623 is divided by 25.
23
Calculate the remainder when 3014 is divided by 997.
23
Calculate the remainder when 1285 is divided by 102.
61
Calculate the remainder when 481 is divided by 95.
6
What is the remainder when 388 is divided by 55?
3
Calculate the remainder when 2015 is divided by 6.
5
What is the remainder when 124 is divided by 12?
4
Calculate the remainder when 221 is divided by 28.
25
Calculate the remainder when 501 is divided by 72.
69
Calculate the remainder when 173 is divided by 14.
5
What is the remainder when 748 is divided by 141?
43
What is the remainder when 32083 is divided by 42?
37
What is the remainder when 212 is divided by 36?
32
What is the remainder when 843 is divided by 36?
15
What is the remainder when 954 is divided by 162?
144
Calculate the remainder when 882 is divided by 21.
0
What is the remainder when 97 is divided by 80?
17
What is the remainder when 31 is divided by 11?
9
What is the remainder when 192 is divided by 98?
94
Calculate the remainder when 956 is divided by 33.
32
Calculate the remainder when 3613 is divided by 15.
13
What is the remainder when 636 is divided by 129?
120
What is the remainder when 675 is divided by 172?
159
What is the remainder when 141 is divided by 132?
9
What is the remainder when 1442 is divided by 46?
16
What is the remainder when 689 is divided by 215?
44
Calculate the remainder when 96 is divided by 62.
34
Calculate the remainder when 358 is divided by 12.
10
Calculate the remainder when 53 is divided by 37.
16
Calculate the remainder when 15432 is divided by 45.
42
What is the remainder when 142 is divided by 12?
10
What is the remainder when 1929 is divided by 546?
291
What is the remainder when 313 is divided by 94?
31
What is the remainder when 6395 is divided by 164?
163
What is the remainder when 480 is divided by 80?
0
What is the remainder when 25 is divided by 15?
10
What is the remainder when 6497 is divided by 125?
122
What is the remainder when 50 is divided by 16?
2
What is the remainder when 239 is divided by 20?
19
What is the remainder when 315 is divided by 80?
75
Calculate the remainder when 1142 is divided by 281.
18
Calculate the remainder when 290 is divided by 86.
32
Calculate the remainder when 102 is divided by 52.
50
What is the remainder when 2067 is divided by 22?
21
What is the remainder when 1452 is divided by 26?
22
Calculate the remainder when 169 is divided by 19.
17
Calculate the remainder when 1494 is divided by 17.
15
What is the remainder when 75 is divided by 26?
23
Calculate the remainder when 149 is divided by 10.
9
What is the remainder when 334 is divided by 80?
14
What is the remainder when 1243 is divided by 103?
7
What is the remainder when 383 is divided by 19?
3
Calculate the remainder when 10068 is divided by 106.
104
What is the remainder when 397 is divided by 14?
5
Calculate the remainder when 4370 is divided by 29.
20
What is the remainder when 1568 is divided by 472?
152
What is the remainder when 4398 is divided by 44?
42
Calculate the remainder when 245 is divided by 82.
81
Calculate the remainder when 2082 is divided by 1039.
4
What is the remainder when 3418 is divided by 1706?
6
Calculate the remainder when 253 is divided by 26.
19
Calculate the remainder when 130 is divided by 30.
10
Calculate the remainder when 1614 is divided by 17.
16
What is the remainder when 124 is divided by 58?
8
Calculate the remainder when 1423 is divided by 472.
7
What is the remainder when 1134 is divided by 563?
8
Calculate the remainder when 337 is divided by 4.
1
Calculate the remainder when 2088 is divided by 31.
11
What is the remainder when 220 is divided by 49?
24
What is the remainder when 329 is divided by 31?
19
What is the remainder when 314 is divided by 58?
24
Calculate the remainder when 323 is divided by 100.
23
Calculate the remainder when 702 is divided by 16.
14
What is the remainder when 440 is divided by 111?
107
What is the remainder when 148 is divided by 39?
31
Calculate the remainder when 505 is divided by 23.
22
What is the remainder when 702 is divided by 346?
10
What is the remainder when 421 is divided by 14?
1
What is the remainder when 83 is divided by 83?
0
Calculate the remainder when 33 is divided by 5.
3
Calculate the remainder when 74 is divided by 11.
8
What is the remainder when 1434 is divided by 48?
42
Calculate the remainder when 87 is divided by 44.
43
What is the remainder when 674 is divided by 12?
2
Calculate the remainder when 5973 is divided by 166.
163
Calculate the remainder when 2160 is divided by 718.
6
What is the remainder when 287 is divided by 25?
12
What is the remainder when 3905 is divided by 91?
83
Calculate the remainder when 27071 is divided by 376.
375
What is the remainder when 555 is divided by 186?
183
What is the remainder when 352 is divided by 76?
48
Calculate the remainder when 886 is divided by 127.
124
Calculate the remainder when 280 is divided by 17.
8
What is the remainder when 138 is divided by 40?
18
What is the remainder when 5962 is divided by 30?
22
What is the remainder when 57 is divided by 20?
17
What is the remainder when 444 is divided by 63?
3
What is the remainder when 1389 is divided by 24?
21
Calculate the remainder when 579 is divided by 15.
9
Calculate the remainder when 302 is divided by 63.
50
Calculate the remainder when 141 is divided by 52.
37
What is the remainder when 19235 is divided by 458?
457
What is the remainder when 4464 is divided by 1486?
6
What is the remainder when 22 is divided by 13?
9
Calculate the remainder when 2741 is divided by 1360.
21
What is the remainder when 493 is divided by 13?
12
What is the remainder when 1293 is divided by 429?
6
What is the remainder when 3292 is divided by 32?
28
What is the remainder when 2532 is divided by 94?
88
What is the remainder when 56 is divided by 10?
6
Calculate the remainder when 23 is divided by 6.
5
What is the remainder when 374 is divided by 38?
32
What is the remainder when 703 is divided by 93?
52
What is the remainder when 78 is divided by 67?
11
What is the remainder when 40 is divided by 18?
4
Calculate the remainder when 97 is divided by 9.
7
What is the remainder when 891 is divided by 306?
279
Calculate the remainder when 1040 is divided by 514.
12
Calculate the remainder when 199 is divided by 153.
46
Calculate the remainder when 548 is divided by 106.
18
What is the remainder when 211 is divided by 66?
13
What is the remainder when 255 is divided by 82?
9
Calculate the remainder when 416 is divided by 60.
56
What is the remainder when 2527 is divided by 16?
15
Calculate the remainder when 341 is divided by 18.
17
Calculate the remainder when 42 is divided by 28.
14
What is the remainder when 179 is divided by 47?
38
What is the remainder when 178 is divided by 12?
10
Calculate the remainder when 